 - -2569. Let u be r/(-10) + (-6)/(-15). Suppose -y - 4*b = 3*y - u, b = -3. What is the tens digit of y?
5
Let w(x) = -x**3 - 12 + 9 + 3*x + 7 + 1 - x**2. Let i be w(-2). Suppose i*l = -3*t + 12, -t - l = 4*t - 20. What is the units digit of t?
4
Let i(g) = -g**3 - g**2 + 5*g - 1. Let l be i(-3). Suppose -l*p = 2*p - 268. What is the tens digit of p?
6
Suppose 3*u = 2726 + 2947. What is the hundreds digit of u?
8
Let t be (1 + (-18)/14)*-7. Let o be (2 - 10/t) + 6. Suppose -x + o*u - 6 + 17 = 0, -u = x - 19. What is the tens digit of x?
1
What is the hundreds digit of ((-69)/(-12))/(((-1)/(-136))/1)?
7
Let x(o) be the second derivative of -o**4/12 + 7*o**3/6 - 2*o**2 - 3*o. Suppose -5*u + 5*j + 55 = 0, -5*u - 2*j = 2*j - 10. What is the units digit of x(u)?
2
Let b(r) = -r**3 - 2*r**2 - r + 395. Let z be b(0). Suppose -m + 6*m - z = 0. What is the units digit of m?
9
Let z(k) = -143*k**3 + 2*k**2 - k - 1. Let c be z(1). Let a = 311 + c. What is the tens digit of a?
6
Suppose 4*m = 956 + 772. What is the hundreds digit of m?
4
Let q(i) = -151*i + 58. What is the tens digit of q(-13)?
2
Let v = -111 + 178. What is the units digit of v?
7
Suppose -g - 89 + 6 = 0. Let r = 165 + g. Suppose 5*t - 48 - r = 0. What is the units digit of t?
6
Suppose 2*b - 3*b + 23 = 0. What is the tens digit of (-33)/(-6)*-2*b*-1?
5
Let t = 1791 + -762. What is the tens digit of t?
2
Let n = -564 + 1080. What is the hundreds digit of n?
5
Let i(p) = 5*p**2 + 3*p + 2. Let l be i(-2). Suppose -123 = -2*g - 51. Let d = g - l. What is the tens digit of d?
2
Let s be (-2)/((-28)/8 - -3). Suppose -j + s*a = 6, 0 = -2*j + 5*a - 1 + 4. What is the units digit of 150/j + (-22)/(-77)?
1
Let i(l) = 134*l + 3. Let r be i(5). Suppose 4*p + 31 = -r. What is the units digit of (-2)/(-11) + (-1024)/p?
6
Suppose -4*h = -3*p - 2, 4*h - 11 = -5*p + 7. Suppose 24 = h*w + 4*k, -2*w = -3*k - 0*k - 3. What is the units digit of w/33 + (-273)/(-11)?
5
Suppose 0 = -250*r + 259*r - 7812. What is the tens digit of r?
6
Suppose -2*z - 10 - 4 = -4*i, 2*i - 8 = 2*z. What is the units digit of 1*(-39)/6*(-21 + i)?
7
Suppose -l = s + 7, 0 = -2*l + l + 3*s + 9. What is the units digit of (18/(-21))/(l/21)?
6
Let z(a) be the third derivative of -a**6/120 + 7*a**5/30 - 2*a**4/3 - 17*a**3/6 + 13*a**2. What is the units digit of z(12)?
9
Suppose -3*m + 6*m - 32 = -2*v, 3*m + 63 = 3*v. Let s = -12 + v. Suppose -100 = -s*n + 2*n. What is the tens digit of n?
2
Let l be 1/((-1)/(3 + 1)). Let q be 3 + 0 - l/4. Let o(c) = c**3 - c**2 + 4*c - 6. What is the tens digit of o(q)?
5
Let r(l) = 3*l**2 - 4*l + 7. Let q(h) = -h**2 - 8*h + 5. Let i be q(-8). What is the units digit of r(i)?
2
Suppose 4*c - 45 - 35 = 0. Suppose -25*z + 755 = -c*z. What is the tens digit of z?
5
Suppose 0 = 5*a + w - 47, -3*a + 19 = -2*a + 5*w. Suppose -265 = 4*q - a*q. What is the units digit of q?
3
Let i(x) = 4*x + 336. What is the units digit of i(47)?
4
Let l = -11 - -14. Let m(j) = -4*j + 5*j**2 - 2*j - 4 + 3*j**2 + j - j**l. What is the units digit of m(7)?
0
Let f(s) = 2*s + 1. Suppose 0*q = -q + 4*i - 5, 5*i - 10 = 5*q. Let g be f(q). What is the units digit of (1*g)/((-3)/3)?
1
Let q(h) = -h**2 + 13*h + 1. Let j(u) = -u**2 - 12*u - 8. Let l be j(-9). Let c = -13 + l. What is the units digit of q(c)?
3
Suppose 4*b = -b + 175. Suppose 4*x - b = 257. What is the tens digit of x?
7
Let w(h) = 2*h**2 - 2*h - 8. Let r be w(3). Suppose n + v = r*n - 360, 0 = 3*v. What is the hundreds digit of n?
1
Let l = 1595 - 1271. What is the units digit of l?
4
Let g(n) = -8 + 1 - 24*n + 3 - 1. What is the units digit of g(-2)?
3
Suppose -3*m + 3*z - 6*z + 45 = 0, -4*m - 5*z = -60. What is the hundreds digit of (21/m)/((-2)/(-370))?
2
Suppose 6*j - 33631 = -12373. What is the tens digit of j?
4
Let d(w) = 38*w - 86. What is the hundreds digit of d(36)?
2
Let c = -64 - -32. Let i = c + 41. What is the units digit of i?
9
Suppose 29*a = 24*a + 4700. What is the hundreds digit of a?
9
Suppose 7*z - z = 0. Suppose -3*q - 3*v = -156, 4 = v - z. What is the tens digit of q?
4
Suppose -5 = 6*l + 1. What is the units digit of -1 - 12/18*21/l?
3
Suppose -5*y + 3*y + 4 = 0. Let k(m) = -5*m - m**3 + 7*m - 2*m**2 - 1 + 6*m - y*m**2. What is the tens digit of k(-6)?
2
Let d(n) = 6*n**3 + 2*n**2 - 11*n + 36. What is the units digit of d(4)?
8
Suppose 199*v = 198*v - 60. Let t(b) = 10*b**2 - 1. Let c be t(3). Let q = c + v. What is the tens digit of q?
2
Let n be 4/10 + 23/5. What is the units digit of (-2)/n - 822/(-30)?
7
Let d = -829 + 1258. What is the tens digit of d?
2
Let d(z) = -z**2 + 7*z - 8. Let x be d(6). Let g(o) = -4*o**3 + 2*o**2 - 1. Let f be g(-1). What is the tens digit of 148/f - x/5?
3
Suppose -32 = -3*c - 4*r, -5*r + 21 = 4*c - 4*r. What is the units digit of 5*(-607)/(-55) - c/22?
5
Let a be (-336)/(-15) - 4/10. Let z = a + -43. What is the units digit of z*((-4)/12 + 0)?
7
Let n(f) = -119*f + 4. Let c(k) = -120*k + 4. Let v(p) = -6*c(p) + 7*n(p). Let h be v(-3). Suppose -2*w + h = 5*w. What is the tens digit of w?
4
What is the tens digit of 2684773/819 - (-16)/18?
7
Suppose -2288 = -4*k - 3*o + 1233, -25 = 5*o. What is the units digit of k?
4
Let b = 6 - 6. Suppose b = 3*d - 6*d - 12. What is the units digit of 1*-5*(d - -3)?
5
Let y be (-212)/12 - 7/21. Let c be (-17)/(2 + -1) + -2. Let d = y - c. What is the units digit of d?
1
Suppose 2*u = -2 + 6. Suppose -729 = -4*c - u*t + 3*t, t + 548 = 3*c. What is the hundreds digit of c?
1
Suppose 0 = 4*v + h - 583 - 13956, 4*h = 5*v - 18179. What is the thousands digit of v?
3
Let q = 10 + 0. Let h = 177 - 113. What is the units digit of h/11 - q/(-55)?
6
Let g = 44 - 35. What is the units digit of 2845/45 - 2/g?
3
Suppose -4*b + 0*b = 372. Let f = -33 - b. What is the tens digit of f?
6
Suppose 6 = -2*v + 3*v. Suppose v*c = -185 + 659. Suppose -3*w - c = -304. What is the tens digit of w?
7
Suppose -3*x - 181 = -4*y + 2*x, -260 = -5*y - 5*x. Let k = 0 + y. Suppose -5*c = -k - 26. What is the tens digit of c?
1
Let w = 257 - 144. Let r = w + -58. Suppose 4*q - 215 = -r. What is the units digit of q?
0
Let j(i) be the third derivative of -i**4/24 + 11*i**3/6 + 3*i**2. Let a be j(8). What is the tens digit of (2 - a) + (-22)/(-2)?
1
Suppose 0*b + 2*b - 55 = d, -55 = -3*b - 4*d. Suppose -b = 3*n - 8*n. Suppose 30 = 4*v - n*l, 0 = -4*v + 2*v - 5*l. What is the units digit of v?
5
Suppose -d = 3*i - 4849, 0 + 4 = -4*i. What is the tens digit of d?
5
Suppose -59*h = -57*h - 6. Let l(u) = -u**3 - 8*u**2 - 6. Let c be l(-8). What is the units digit of h/3 + c/(-6)?
2
Let n(z) = -11*z - 16. Let s be (-3 + 0)*(-5 - -8). What is the units digit of n(s)?
3
Suppose 2*x - 376 = 23*h - 19*h, 0 = x + 3*h - 178. What is the hundreds digit of x?
1
Suppose 0 = 3*t + 5*d - 3, -3*t - 4*d - 4 + 10 = 0. Let n be (284/t)/((-4)/(-6)). Suppose -3*o = -r - 52, r = 4*o - 0*r - n. What is the tens digit of o?
1
Let z be ((-485)/15 + 1)*-6. Let s = 267 - z. What is the tens digit of s?
7
Suppose q = -3*s - s + 273, -4*q + 1050 = -5*s. What is the tens digit of q?
6
Let a(s) = -3 + 4 + 1 - 1 + 19*s. Let j be a(2). Suppose -6*o + 3 = -j. What is the units digit of o?
7
Let z = 30 + -26. Suppose 68 - 380 = -z*m. What is the tens digit of m?
7
Suppose -p - 315 = 2*p. Let y be ((-32)/(-10))/((-6)/p). Suppose 2*k + z = y, -4*k + z + 57 = -43. What is the units digit of k?
6
Suppose 4*s + s - 45 = 0. Let y be (-1 - 3) + 9 + -7. What is the tens digit of y + 63/(s/3)?
1
Let l(d) = 15*d - 2. Let h be l(3). Suppose 38*t + 735 = h*t. What is the tens digit of t?
4
Let y(u) = 18*u + 6 + 10*u - 27*u. Let i(c) = -c - 2. Let m be i(-2). What is the units digit of y(m)?
6
Let n(z) = 10*z**2 + 7*z - 25. What is the tens digit of n(-10)?
0
Let y(x) = -27*x**3 + 2*x**2 - 6*x + 5. What is the tens digit of y(-3)?
7
Let z be (7/(-21))/(2/(-72)). What is the units digit of ((-6846)/z)/(-7) + 2/(-4)?
1
Suppose 0 = 2*z + z + 681. Let a = -143 - z. What is the tens digit of a?
8
Let v(u) = u**2 - 28*u - 37. Let j be v(30). Suppose j*r + 162 = 32*r. What is the tens digit of r?
1
Let o be (2 - 3356/3)*(-24)/16. Suppose 413 = 9*n - o. What is the units digit of n?
2
Let m = 221 + -74. Suppose -43*w + 46*w - m = 0. What is the units digit of w